e the remainder when i is divided by 2.
0
Suppose d = 4*d. Let c(x) = -x**3 - x**2 + 2*x + 2. Let y be c(-1). Suppose y*g - g + 2 = d. Calculate the remainder when 5 is divided by g.
1
Suppose -4*k + 51 = -h, 0 = -3*k - k - 3*h + 71. Calculate the remainder when 924/18 - 4/(-6) is divided by k.
10
Let n be (-2)/8 + (-225)/(-36). Suppose -o - 135 = -n*o. Calculate the remainder when o is divided by 10.
7
Suppose -3*m + 19 = o - m, -4*m = -4*o + 40. What is the remainder when 64 is divided by o?
12
Let v(u) = -u**2 + 2*u - 1. Let y be v(4). Let p(j) = -j + 3. Calculate the remainder when 34 is divided by p(y).
10
Suppose 2 - 25 = -5*o + 3*w, -w - 1 = 0. Let u = o - 1. What is the remainder when u is divided by ((-6)/(-2))/((-6)/(-4))?
1
Suppose 162 = 5*g + 42. Suppose -18 = -3*t + 21. What is the remainder when g is divided by t?
11
Let w = -3 - -5. Let k(c) = -c**3 + 7*c**2 + 2. What is the remainder when 4/(-6)*-3 + w is divided by k(7)?
0
Let j = 42 + -30. What is the remainder when 21 is divided by j?
9
Calculate the remainder when (-5 - 4)/(-2*(-12)/(-64)) is divided by 10.
4
Suppose -5*t + 25 = -0. Calculate the remainder when 47 is divided by t - 3 - 0 - -22.
23
Let r(k) = -k**2 + 9*k. Calculate the remainder when 55 is divided by r(7).
13
Let v(d) = 7*d + 58. Let p(n) = n**3 - n + 6. What is the remainder when v(-6) is divided by p(0)?
4
Let q = -4 - -7. Suppose q*z = -0*z + 120. Let l(y) = -15*y - 1. What is the remainder when z is divided by l(-1)?
12
Let m = -53 - -56. Calculate the remainder when 3 is divided by m.
0
Suppose -p - 3*p = 3*g - 86, 76 = 4*p - 2*g. Suppose -7*v = -x - 6*v + 35, 0 = 5*x + 3*v - 191. Calculate the remainder when x is divided by p.
17
Let j(f) = f**2 + 2*f + 4. Let a = -7 + 11. Let o be j(a). Let l = o - 15. What is the remainder when 25 is divided by l?
12
Suppose -2*a + 13 + 3 = 0. Let m(d) = 15*d - 1. Calculate the remainder when m(1) is divided by a.
6
Let x = -170 + 254. Suppose x = 4*d - 48. What is the remainder when 96 is divided by d?
30
Calculate the remainder when 59 is divided by 9*-1*(-20)/12.
14
Suppose -3*t = -2 - 49. Let w = -28 - -20. Let v = w - -14. What is the remainder when t is divided by v?
5
Let u(p) = p**2 - p. Let v be (0 + -2 + 1)*-1. Let n(s) = -s**2 + 3*s - 3. Let a(m) = v*n(m) + 5*u(m). Calculate the remainder when a(-2) is divided by 6.
5
Let n be (-3)/(-5)*(5 + 0). Suppose n*s - 2*r - r - 78 = 0, -3*s = 5*r - 118. What is the remainder when s is divided by 11?
9
Suppose -6*p + 135 = -5*p - g, -5*p - 4*g + 639 = 0. What is the remainder when p is divided by 12?
11
Suppose 3*w = 4*q - 10, 3*w + q = 2*w - 15. Let g = -8 - w. Calculate the remainder when 4 is divided by g.
0
Let m(c) = c**3 - 3*c**2 - 4*c. Let s be m(4). Suppose s = -3*f - 12, 0 = p - 4*f - 28 + 5. Calculate the remainder when 27 is divided by p.
6
Let h = -7 - -11. What is the remainder when h/(-22) + (-1064)/(-44) is divided by -39*(-2)/(-12)*-2?
11
Suppose -5*t = -2*n - 17, -2*t = 3*n - 20 - 2. What is the remainder when n is divided by 2?
0
Suppose 2 = 3*z + 3*v - 19, 3*z = 2*v + 11. Suppose 2*i = u + 1, 4*i = -5*u + i + 60. What is the remainder when u is divided by z?
4
Let k(o) = -o**2 - 11*o - 4. Suppose -2*l = w - 3*l - 1, -3*l = 3*w - 9. Let x(y) = 3*y**2 - y + 1. What is the remainder when k(-8) is divided by x(w)?
9
Let n = -10 - -7. Let m = 6 + n. What is the remainder when m is divided by 2?
1
Suppose -c + 5*c = 68. Let x = -22 - -55. What is the remainder when x is divided by c?
16
Suppose m = -4*l + 50, 16 = -5*l - 3*m + 75. Let z = l + -5. What is the remainder when 39 is divided by z?
7
Let n be 8/(-6)*18/(-12). Suppose 0 = -2*h + n, -4*s = s - 4*h - 46. What is the remainder when s is divided by 4?
2
Let d = -9 + 16. Suppose -4*o + 108 = 4*r, -4*o + 10 = 2*r - 46. Calculate the remainder when r is divided by d.
5
Suppose 5*g + 9*j = 4*j + 355, -3*j - 132 = -2*g. Calculate the remainder when g is divided by 18.
15
Let k = -110 - -125. What is the remainder when 162 is divided by k?
12
Suppose 5 = 2*g - 3*m, -1 = -3*g + 5*m + 8. What is the remainder when 26 is divided by (g - 0/(-2)) + 16?
12
Let l = -45 - -67. Calculate the remainder when l is divided by 14.
8
Let n be (2 + 2/(-2))*12. Let w be 4 + -3 + (1 - -3). Suppose 0 = -2*s + w*d + n, 0 = -5*s + 3*d + 2 + 9. What is the remainder when s is divided by 1?
0
Let s = 47 - 46. What is the remainder when 4 is divided by s?
0
Let z be (-81)/9 + -1 + -1. Let l(q) = -2*q - 13. What is the remainder when l(z) is divided by 6?
3
Suppose -f = -4*h - 16, 2*f - 18 - 11 = 5*h. Let c be (-4)/(-12)*(-1 - -418). Calculate the remainder when c/4 + 2/8 is divided by f.
11
Let o be (-3)/(-2)*(-2)/(-1). What is the remainder when 16 + (9/o - 1) is divided by 10?
8
Let c(j) = -130*j + 1. Let k be c(1). What is the remainder when (-11)/(-55) - k/5 is divided by 7?
5
Let d(x) = -x**3 + 4 + x - 2*x**2 + x**3 - x**3 + 0*x**3. What is the remainder when 38 is divided by d(-3)?
8
Let h = -13 + 62. Suppose -13 = 3*w - h. Calculate the remainder when (58 + 12)/((-2)/(-1)) is divided by w.
11
Let i(z) = z - 5. Let o be i(7). Let w be 11/3 - 1/(-3). Let x = w - o. Calculate the remainder when 2 is divided by x.
0
Suppose -3*z + 15 = 0, -3*n = 3*z - 5 - 22. Suppose -n*d = -11 + 3. Calculate the remainder when 4 is divided by d.
0
Suppose 604 + 128 = m - 2*u, -3*m = -u - 2206. What is the remainder when 30/75 - m/(-10) is divided by 38?
36
Let n(i) = i**2 + 2*i - 8. Calculate the remainder when n(-6) is divided by 13.
3
Suppose 3*c - 5 = -2*c. Let q be (-9)/(-3)*(-1)/3. Let g = c - q. What is the remainder when 5 is divided by g?
1
Suppose 2*r - 162 = -r. Suppose 2*x - 24 = -2*q, r = 2*x + 3*x + 3*q. Let v = -1 + x. Calculate the remainder when 15 is divided by v.
7
Suppose 4*t - 16 = -4. Let q(f) = -1 - 5 + 2*f + 2. Calculate the remainder when t is divided by q(3).
1
Let u(c) = 0 - c + 0 + 2. Let p be u(2). Suppose -3*s + p*s = -36. Calculate the remainder when 35 is divided by s.
11
Suppose -10 = 4*w + 2. Let b = w + 6. Suppose -5*c + 4*c + 13 = -2*f, -2*c - 3*f = 2. Calculate the remainder when c is divided by b.
2
Let y(d) = -d**2 + 6*d. Let m be y(5). Suppose -3*g + 3*v = -9, -4*g + 3*v + 36 = m*v. What is the remainder when g is divided by 3?
1
Let z(f) = -2*f + 5. Let q(m) = m - 1. Let a(x) = 6*q(x) + 2*z(x). What is the remainder when 22 is divided by a(4)?
10
Suppose a = 5*d + 15, a = 4*d + 6 + 7. Calculate the remainder when 23 is divided by a.
3
Let w(o) = o**3 - 14*o**2 - 15*o + 7. What is the remainder when w(15) is divided by 2?
1
Suppose 4*t - 50 = 2*t. What is the remainder when 124 is divided by t?
24
What is the remainder when (11 - 1) + (-3 - -1) is divided by 0/1 - 3/(-1)?
2
Let u(n) = n**2 + 5*n. Let a be u(-5). Suppose -3*v + 13 - 4 = a. Calculate the remainder when 3 is divided by v.
0
Let v = 186 + -86. Suppose 2*y + u = v, 0*u = -2*y + 3*u + 92. What is the remainder when y is divided by 13?
10
Let b(k) = 2*k - 2. Let q be (8/6*3)/2. Suppose w - 51 = -q*w. Calculate the remainder when w is divided by b(4).
5
Let t = 44 + -28. Calculate the remainder when 44 is divided by t.
12
Let s(n) = 4*n**2 - 6*n - 1. What is the remainder when s(3) is divided by 10?
7
Let a(l) = l**3 + 8*l**2 - 8*l + 6. Let h be a(-9). Calculate the remainder when 74 is divided by (-3 + (-6)/h)*-19.
17
Suppose -3*s = 2*v - 0*s - 11, 3 = -s. What is the remainder when 58 is divided by v?
8
Suppose 0 = -2*c - 0 - 4. Let a(p) = p**2 - 11*p + 13. What is the remainder when 2*-1*37/c is divided by a(11)?
11
Suppose -6 = 3*q, 2*y + 0*q - 94 = 5*q. Let m be y/7*(-2)/(-4). Suppose 0 = 4*f - 6 - 6, -u + m*f - 6 = 0. Calculate the remainder when 6 is divided by u.
0
Suppose 7*f + 3*r - 18 = 4*f, -14 = -4*f - 2*r. Calculate the remainder when f is divided by 1.
0
Let q = -61 + 76. Calculate the remainder when 74 is divided by q.
14
Let i(u) = u**2 - u - 4. Suppose -28 = -2*l - 2*a, -4*a + 1 = -2*l + 23. Calculate the remainder when i(7) is divided by l.
12
Let r(n) = n**3 + n**2 + 3*n + 1. Calculate the remainder when r(2) is divided by 10.
9
Let g(c) = c**2 + 6*c + 10. What is the remainder when 13 is divided by g(-4)?
1
Suppose 4*u = -2*y + 5*u + 44, 5*u = -10. Suppose q = 5*q - 